{"id":661,"date":"2017-06-14T19:43:12","date_gmt":"2017-06-14T17:43:12","guid":{"rendered":"https:\/\/lasapiniere.net\/?page_id=661"},"modified":"2024-05-23T09:07:51","modified_gmt":"2024-05-23T08:07:51","slug":"braine-lalleud","status":"publish","type":"page","link":"https:\/\/www.lasapiniere.net\/?page_id=661","title":{"rendered":"Site de Braine-l\u2019Alleud"},"content":{"rendered":"\t\t<div data-elementor-type=\"wp-page\" data-elementor-id=\"661\" class=\"elementor elementor-661\">\n\t\t\t\t<div class=\"elementor-element elementor-element-1e300ea e-flex e-con-boxed e-con e-parent\" data-id=\"1e300ea\" data-element_type=\"container\" data-e-type=\"container\">\n\t\t\t\t\t<div class=\"e-con-inner\">\n\t\t<div class=\"elementor-element elementor-element-68eca9a e-con-full e-flex e-con e-child\" data-id=\"68eca9a\" data-element_type=\"container\" data-e-type=\"container\">\n\t\t\t\t<div class=\"elementor-element elementor-element-4febc84d elementor-widget elementor-widget-text-editor\" data-id=\"4febc84d\" data-element_type=\"widget\" data-e-type=\"widget\" data-widget_type=\"text-editor.default\">\n\t\t\t\t<div class=\"elementor-widget-container\">\n\t\t\t\t\t\t\t\t\t<p><img decoding=\"async\" class=\"alignleft\" src=\"https:\/\/encrypted-tbn0.gstatic.com\/images?q=tbn:ANd9GcRNnyXsyefed1FwCT_bS7hLZ27X6nRgMsRFz1B5ttluufq6ca0Oo5zaRrenokykq-eQ1NA&amp;usqp=CAU\" alt=\"Map Location Svg Png Icon Free Download (#118366) - OnlineWebFonts.COM\" width=\"125\" height=\"125\" \/><\/p><p>213, avenue Alphonse Allard<br \/>1420 Braine-l&rsquo;Alleud<br \/>Belgique<\/p><p>Sous-directeur: M. Cedwin Peremans<\/p><p>La R\u00e9sidence La Sapini\u00e8re, site de Braine-l\u2019Alleud, se trouve \u00e0 une vingtaine de kilom\u00e8tres de Bruxelles et \u00e0 une dizaine de kilom\u00e8tres des villes de Waterloo et de Nivelles.<\/p><p>A proximit\u00e9 d\u2019axes routiers importants tels que la E19 et proche du centre-ville de Braine-l\u2019Alleud, l\u2019\u00e9tablissement b\u00e9n\u00e9ficie de centres commerciaux, r\u00e9cr\u00e9atifs et culturels (cin\u00e9mas, th\u00e9\u00e2tres, bowling, etc.), sportifs (salles de sport, piscine) et hospitaliers (Centre Hospitalier de Waterloo) proches.<\/p><p>Le service prend en charge 40 adultes, hommes et femmes, d\u00e8s l\u2019\u00e2ge de 18 ans, pr\u00e9sentant un handicap mental l\u00e9ger ou mod\u00e9r\u00e9. A cette d\u00e9ficience\u00a0est parfois associ\u00e9e une maladie mentale, souvent de type psychotique (schizophr\u00e9nie) ou des troubles autistiques.<\/p><p>Le b\u00e2timent comprend quatre unit\u00e9s de vie distinctes, les b\u00e9n\u00e9ficiaires y \u00e9tant r\u00e9partis en fonction de leurs capacit\u00e9s et besoins. Chaque unit\u00e9 dispose de ses propres lieux d\u2019h\u00e9bergement et de vie (salon, salle \u00e0 manger, salle d\u2019activit\u00e9s). Les chambres, toutes individuelles, disposent de leurs \u00e9quipements sanitaires.<\/p><p><em><u>Nos unit\u00e9s de vie<\/u><\/em><\/p><ul><li>La Douce Vie\u00a0: Unit\u00e9 de vie adapt\u00e9e (personnes vieillissantes ou souhaitant un rythme de vie plus lent). \u00a0<\/li><li>Le Cheval Blanc\u00a0: b\u00e9n\u00e9ficiaires porteurs d\u2019un handicap mental mod\u00e9r\u00e9 (troubles du spectre autistique) d\u00e9pendant.<\/li><li>Le Bon Appart\u00a0: b\u00e9n\u00e9ficiaires porteurs d\u2019un handicap mental l\u00e9ger parfois associ\u00e9 \u00e0 une maladie mentale (18ans \u00e0 35ans).<\/li><li>Le Lion Dort\u00a0: b\u00e9n\u00e9ficiaires porteurs d\u2019un handicap mental l\u00e9ger parfois associ\u00e9 \u00e0 une maladie mentale (35ans \u00e0 50 ans).<\/li><\/ul><p>Le service est ouvert toute l\u2019ann\u00e9e, 24h sur 24. La dur\u00e9e de l\u2019accueil n\u2019est pas limit\u00e9e dans le temps.<\/p><p><!-- \/wp:image --><\/p>\t\t\t\t\t\t\t\t<\/div>\n\t\t\t\t<\/div>\n\t\t\t\t<\/div>\n\t\t<div class=\"elementor-element elementor-element-ea066d3 e-con-full e-flex e-con e-child\" data-id=\"ea066d3\" data-element_type=\"container\" data-e-type=\"container\">\n\t\t\t\t<div class=\"elementor-element elementor-element-e179f49 elementor-widget elementor-widget-image\" data-id=\"e179f49\" data-element_type=\"widget\" data-e-type=\"widget\" data-widget_type=\"image.default\">\n\t\t\t\t<div class=\"elementor-widget-container\">\n\t\t\t\t\t\t\t\t\t\t\t\t\t\t\t<img fetchpriority=\"high\" decoding=\"async\" width=\"1024\" height=\"683\" src=\"https:\/\/www.lasapiniere.net\/wp-content\/uploads\/2023\/12\/La-Sapiniere-Braine-web-1-1024x683.jpg\" class=\"attachment-large size-large wp-image-2080\" alt=\"\" srcset=\"https:\/\/www.lasapiniere.net\/wp-content\/uploads\/2023\/12\/La-Sapiniere-Braine-web-1-1024x683.jpg 1024w, https:\/\/www.lasapiniere.net\/wp-content\/uploads\/2023\/12\/La-Sapiniere-Braine-web-1-300x200.jpg 300w, https:\/\/www.lasapiniere.net\/wp-content\/uploads\/2023\/12\/La-Sapiniere-Braine-web-1-768x512.jpg 768w, https:\/\/www.lasapiniere.net\/wp-content\/uploads\/2023\/12\/La-Sapiniere-Braine-web-1.jpg 1200w\" sizes=\"(max-width: 1024px) 100vw, 1024px\" \/>\t\t\t\t\t\t\t\t\t\t\t\t\t\t\t<\/div>\n\t\t\t\t<\/div>\n\t\t\t\t<\/div>\n\t\t\t\t\t<\/div>\n\t\t\t\t<\/div>\n\t\t\t\t<\/div>\n\t\t","protected":false},"excerpt":{"rendered":"<p>213, avenue Alphonse Allard1420 Braine-l&rsquo;AlleudBelgique Sous-directeur: M. Cedwin Peremans La R\u00e9sidence La Sapini\u00e8re, site de Braine-l\u2019Alleud, se trouve \u00e0 une vingtaine de kilom\u00e8tres de Bruxelles et \u00e0 une dizaine de kilom\u00e8tres des villes de Waterloo et de Nivelles. A proximit\u00e9 d\u2019axes routiers importants tels que la E19 et proche du centre-ville de Braine-l\u2019Alleud, l\u2019\u00e9tablissement b\u00e9n\u00e9ficie [&hellip;]<\/p>\n","protected":false},"author":1,"featured_media":0,"parent":0,"menu_order":0,"comment_status":"closed","ping_status":"closed","template":"","meta":{"ocean_post_layout":"","ocean_both_sidebars_style":"","ocean_both_sidebars_content_width":0,"ocean_both_sidebars_sidebars_width":0,"ocean_sidebar":"","ocean_second_sidebar":"","ocean_disable_margins":"enable","ocean_add_body_class":"","ocean_shortcode_before_top_bar":"","ocean_shortcode_after_top_bar":"","ocean_shortcode_before_header":"","ocean_shortcode_after_header":"","ocean_has_shortcode":"","ocean_shortcode_after_title":"","ocean_shortcode_before_footer_widgets":"","ocean_shortcode_after_footer_widgets":"","ocean_shortcode_before_footer_bottom":"","ocean_shortcode_after_footer_bottom":"","ocean_display_top_bar":"default","ocean_display_header":"default","ocean_header_style":"","ocean_center_header_left_menu":"","ocean_custom_header_template":"","ocean_custom_logo":0,"ocean_custom_retina_logo":0,"ocean_custom_logo_max_width":0,"ocean_custom_logo_tablet_max_width":0,"ocean_custom_logo_mobile_max_width":0,"ocean_custom_logo_max_height":0,"ocean_custom_logo_tablet_max_height":0,"ocean_custom_logo_mobile_max_height":0,"ocean_header_custom_menu":"","ocean_menu_typo_font_family":"","ocean_menu_typo_font_subset":"","ocean_menu_typo_font_size":0,"ocean_menu_typo_font_size_tablet":0,"ocean_menu_typo_font_size_mobile":0,"ocean_menu_typo_font_size_unit":"px","ocean_menu_typo_font_weight":"","ocean_menu_typo_font_weight_tablet":"","ocean_menu_typo_font_weight_mobile":"","ocean_menu_typo_transform":"","ocean_menu_typo_transform_tablet":"","ocean_menu_typo_transform_mobile":"","ocean_menu_typo_line_height":0,"ocean_menu_typo_line_height_tablet":0,"ocean_menu_typo_line_height_mobile":0,"ocean_menu_typo_line_height_unit":"","ocean_menu_typo_spacing":0,"ocean_menu_typo_spacing_tablet":0,"ocean_menu_typo_spacing_mobile":0,"ocean_menu_typo_spacing_unit":"","ocean_menu_link_color":"","ocean_menu_link_color_hover":"","ocean_menu_link_color_active":"","ocean_menu_link_background":"","ocean_menu_link_hover_background":"","ocean_menu_link_active_background":"","ocean_menu_social_links_bg":"","ocean_menu_social_hover_links_bg":"","ocean_menu_social_links_color":"","ocean_menu_social_hover_links_color":"","ocean_disable_title":"default","ocean_disable_heading":"default","ocean_post_title":"","ocean_post_subheading":"","ocean_post_title_style":"","ocean_post_title_background_color":"","ocean_post_title_background":0,"ocean_post_title_bg_image_position":"","ocean_post_title_bg_image_attachment":"","ocean_post_title_bg_image_repeat":"","ocean_post_title_bg_image_size":"","ocean_post_title_height":0,"ocean_post_title_bg_overlay":0.5,"ocean_post_title_bg_overlay_color":"","ocean_disable_breadcrumbs":"default","ocean_breadcrumbs_color":"","ocean_breadcrumbs_separator_color":"","ocean_breadcrumbs_links_color":"","ocean_breadcrumbs_links_hover_color":"","ocean_display_footer_widgets":"default","ocean_display_footer_bottom":"default","ocean_custom_footer_template":"","footnotes":""},"class_list":["post-661","page","type-page","status-publish","hentry","entry"],"_links":{"self":[{"href":"https:\/\/www.lasapiniere.net\/index.php?rest_route=\/wp\/v2\/pages\/661","targetHints":{"allow":["GET"]}}],"collection":[{"href":"https:\/\/www.lasapiniere.net\/index.php?rest_route=\/wp\/v2\/pages"}],"about":[{"href":"https:\/\/www.lasapiniere.net\/index.php?rest_route=\/wp\/v2\/types\/page"}],"author":[{"embeddable":true,"href":"https:\/\/www.lasapiniere.net\/index.php?rest_route=\/wp\/v2\/users\/1"}],"replies":[{"embeddable":true,"href":"https:\/\/www.lasapiniere.net\/index.php?rest_route=%2Fwp%2Fv2%2Fcomments&post=661"}],"version-history":[{"count":34,"href":"https:\/\/www.lasapiniere.net\/index.php?rest_route=\/wp\/v2\/pages\/661\/revisions"}],"predecessor-version":[{"id":2560,"href":"https:\/\/www.lasapiniere.net\/index.php?rest_route=\/wp\/v2\/pages\/661\/revisions\/2560"}],"wp:attachment":[{"href":"https:\/\/www.lasapiniere.net\/index.php?rest_route=%2Fwp%2Fv2%2Fmedia&parent=661"}],"curies":[{"name":"wp","href":"https:\/\/api.w.org\/{rel}","templated":true}]}}