{"id":1782,"date":"2023-12-05T09:46:49","date_gmt":"2023-12-05T09:46:49","guid":{"rendered":"https:\/\/34.141.245.37\/?page_id=1782"},"modified":"2025-10-29T12:34:52","modified_gmt":"2025-10-29T11:34:52","slug":"prise-en-charge-6","status":"publish","type":"page","link":"https:\/\/www.lasapiniere.net\/?page_id=1782","title":{"rendered":"Prise en charge"},"content":{"rendered":"\t\t<div data-elementor-type=\"wp-page\" data-elementor-id=\"1782\" class=\"elementor elementor-1782\">\n\t\t\t\t<div class=\"elementor-element elementor-element-ff6a283 e-flex e-con-boxed e-con e-parent\" data-id=\"ff6a283\" data-element_type=\"container\" data-e-type=\"container\">\n\t\t\t\t\t<div class=\"e-con-inner\">\n\t\t<div class=\"elementor-element elementor-element-7af2ab3 e-con-full e-flex e-con e-child\" data-id=\"7af2ab3\" data-element_type=\"container\" data-e-type=\"container\">\n\t\t\t\t<div class=\"elementor-element elementor-element-2363f5d5 elementor-widget elementor-widget-text-editor\" data-id=\"2363f5d5\" data-element_type=\"widget\" data-e-type=\"widget\" data-widget_type=\"text-editor.default\">\n\t\t\t\t<div class=\"elementor-widget-container\">\n\t\t\t\t\t\t\t\t\t\n<p><strong>La R\u00e9sidence La Sapini\u00e8re<\/strong> de Chapelle-lez-Herlaimont accueille 46 personnes adultes (<em>hommes et femmes<\/em>) \u00e2g\u00e9es de minimum 18 ans. Ces personnes pr\u00e9sentent une d\u00e9ficience mentale mod\u00e9r\u00e9e ou s\u00e9v\u00e8re, associ\u00e9e dans certains cas \u00e0 des troubles envahissants du d\u00e9veloppement (troubles autistiques). Certaines des personnes prises en charge souffrent \u00e9galement d\u2019une maladie mentale, principalement de type psychotique.<\/p>\n\n\n\n<p><strong>La Sapini\u00e8re<\/strong> de Chapelle-lez-Herlaimont souhaite offrir un lieu de vie adapt\u00e9 aux besoins de la personne en situation de handicap. Le mode de vie des r\u00e9sidents est similaire \u00e0 celui de la vie quotidienne. La journ\u00e9e est rythm\u00e9e autour des actes de la vie de tous les jours. L\u2019accompagnement psycho-m\u00e9dicosocial est assur\u00e9 par une \u00e9quipe pluridisciplinaire.<\/p>\n\n\n\n<p><strong>L\u2019\u00e9quipe \u00e9ducative <\/strong>partage la vie quotidienne des b\u00e9n\u00e9ficiaires. Elle travaille en collaboration avec tous ceux qui participent \u00e0 l\u2019action <strong>\u00e9ducative <\/strong>et<strong> sociale <\/strong>: m\u00e9decin g\u00e9n\u00e9raliste, service m\u00e9dical, coordinateur m\u00e9dical, psychologue, psychiatre, personnels administratifs, etc. Gr\u00e2ce \u00e0 la mise en \u0153uvre de techniques p\u00e9dagogiques, sociales et psychologiques appropri\u00e9es, elle favorise le d\u00e9veloppement personnel, l\u2019int\u00e9gration sociale et l\u2019autonomie de chacun. Elle instaure ou restaure le dialogue, sensibilise les personnes au respect de chacun, les accompagne \u00e0 faire des choix et \u00e0 se situer vis-\u00e0-vis d\u2019elles-m\u00eames et de leur environnement.<\/p>\n\n\n\n<p>Chaque jour, les usagers participent \u00e0 une s\u00e9rie d\u2019activit\u00e9s organis\u00e9es et supervis\u00e9es par l\u2019\u00e9quipe \u00e9ducative. Ces activit\u00e9s sont adapt\u00e9es \u00e0 leurs capacit\u00e9s et tiennent compte de leurs envies et de leurs besoins. Nombreuses et vari\u00e9es, les activit\u00e9s sont soit organis\u00e9es au sein m\u00eame de l&rsquo;institution, soit \u00e0 l\u2019ext\u00e9rieur. Les activit\u00e9s organis\u00e9es visent le maintien des acquis, l&rsquo;apprentissage de nouvelles comp\u00e9tences, l&rsquo;am\u00e9lioration de l&rsquo;autonomie, la socialisation, les loisirs et \u00e9ventuellement la diminution de comportements inad\u00e9quats.<\/p>\n\n\n\n<p><strong><em>Exemples d\u2019activit\u00e9s pouvant \u00eatre propos\u00e9es au sein du service <\/em><\/strong><strong><em><\/em><\/strong><\/p>\n\n\n\n<p>Activit\u00e9s artistiques&nbsp;:<\/p>\n\n\n\n<p>Musicoth\u00e9rapie, mosa\u00efque, th\u00e9\u00e2tre, scrapbooking, poterie (avec la participation d\u2019une intervenante ext\u00e9rieure), etc\u2026<\/p>\n\n\n\n<p>Activit\u00e9s manuelles :<\/p>\n\n\n\n<p>Atelier R\u00e9novation Meubles\/ Bois, bricolage \u00e0 th\u00e8mes.<\/p>\n\n\n\n<p>Activit\u00e9s scolaires :<\/p>\n\n\n\n<p>Math\u00e9matiques, fran\u00e7ais, apprentissage de la m\u00e9thode s\u00e9same, travail de la m\u00e9moire, lecture (via la biblioth\u00e8que).<\/p>\n\n\n\n<p>Activit\u00e9s sportives\/psychomotricit\u00e9<\/p>\n\n\n\n<p>Activit\u00e9s adapt\u00e9es, gestion de l\u2019agressivit\u00e9, Psychomotricit\u00e9 (fine, globale).<\/p>\n\n\n\n<p>Groupes de parole&nbsp;:<\/p>\n\n\n\n<p>Actualit\u00e9, conseil des usagers, V.A.S (Vie affective et Sexuelle).<\/p>\n\n\n\n<p>Activit\u00e9s de loisirs&nbsp;:<\/p>\n\n\n\n<p>D\u00e9tente TV\/Cin\u00e9ma, jeu de soci\u00e9t\u00e9<\/p>\n\n\n\n<p><strong><em>Exemples d\u2019activit\u00e9s organis\u00e9es \u00e0 l\u2019ext\u00e9rieur du service <\/em><\/strong><strong><em><\/em><\/strong><\/p>\n\n\n\n<p>\u00c9quith\u00e9rapie, ferme p\u00e9dagogique, jardin communautaire, comp\u00e9titions sportives SPO (participation annuelle aux Special Olympics Belgium), activit\u00e9s F\u00e9ma\/FOA (randonn\u00e9es, p\u00e9tanque, football), natation sportive, piscine d\u00e9tente (jacuzzi, toboggan), multisport, promenades, cin\u00e9ma, bowling, visites de mus\u00e9es, initiation au cirque (Cirque du Doudou), sortie au restaurant, karaok\u00e9, concert, participation \u00e0 un march\u00e9 de no\u00ebl, etc.<\/p>\n\t\t\t\t\t\t\t\t<\/div>\n\t\t\t\t<\/div>\n\t\t\t\t<\/div>\n\t\t<div class=\"elementor-element elementor-element-a151c84 e-con-full e-flex e-con e-child\" data-id=\"a151c84\" data-element_type=\"container\" data-e-type=\"container\">\n\t\t\t\t<div class=\"elementor-element elementor-element-f9895d0 elementor-widget elementor-widget-image\" data-id=\"f9895d0\" data-element_type=\"widget\" data-e-type=\"widget\" data-widget_type=\"image.default\">\n\t\t\t\t<div class=\"elementor-widget-container\">\n\t\t\t\t\t\t\t\t\t\t\t\t\t\t\t<img fetchpriority=\"high\" decoding=\"async\" width=\"1024\" height=\"597\" src=\"https:\/\/www.lasapiniere.net\/wp-content\/uploads\/2025\/10\/Sapiniere-396-1200x700-1-1024x597.jpg\" class=\"attachment-large size-large wp-image-2625\" alt=\"\" srcset=\"https:\/\/www.lasapiniere.net\/wp-content\/uploads\/2025\/10\/Sapiniere-396-1200x700-1-1024x597.jpg 1024w, https:\/\/www.lasapiniere.net\/wp-content\/uploads\/2025\/10\/Sapiniere-396-1200x700-1-300x175.jpg 300w, https:\/\/www.lasapiniere.net\/wp-content\/uploads\/2025\/10\/Sapiniere-396-1200x700-1-768x448.jpg 768w, https:\/\/www.lasapiniere.net\/wp-content\/uploads\/2025\/10\/Sapiniere-396-1200x700-1.jpg 1200w\" sizes=\"(max-width: 1024px) 100vw, 1024px\" \/>\t\t\t\t\t\t\t\t\t\t\t\t\t\t\t<\/div>\n\t\t\t\t<\/div>\n\t\t\t\t<\/div>\n\t\t\t\t\t<\/div>\n\t\t\t\t<\/div>\n\t\t\t\t<\/div>\n\t\t","protected":false},"excerpt":{"rendered":"<p>La R\u00e9sidence La Sapini\u00e8re de Chapelle-lez-Herlaimont accueille 46 personnes adultes (hommes et femmes) \u00e2g\u00e9es de minimum 18 ans. Ces personnes pr\u00e9sentent une d\u00e9ficience mentale mod\u00e9r\u00e9e ou s\u00e9v\u00e8re, associ\u00e9e dans certains cas \u00e0 des troubles envahissants du d\u00e9veloppement (troubles autistiques). Certaines des personnes prises en charge souffrent \u00e9galement d\u2019une maladie mentale, principalement de type psychotique. La [&hellip;]<\/p>\n","protected":false},"author":2,"featured_media":0,"parent":1185,"menu_order":0,"comment_status":"closed","ping_status":"closed","template":"","meta":{"ocean_post_layout":"","ocean_both_sidebars_style":"","ocean_both_sidebars_content_width":0,"ocean_both_sidebars_sidebars_width":0,"ocean_sidebar":"","ocean_second_sidebar":"","ocean_disable_margins":"enable","ocean_add_body_class":"","ocean_shortcode_before_top_bar":"","ocean_shortcode_after_top_bar":"","ocean_shortcode_before_header":"","ocean_shortcode_after_header":"","ocean_has_shortcode":"","ocean_shortcode_after_title":"","ocean_shortcode_before_footer_widgets":"","ocean_shortcode_after_footer_widgets":"","ocean_shortcode_before_footer_bottom":"","ocean_shortcode_after_footer_bottom":"","ocean_display_top_bar":"default","ocean_display_header":"default","ocean_header_style":"","ocean_center_header_left_menu":"","ocean_custom_header_template":"","ocean_custom_logo":0,"ocean_custom_retina_logo":0,"ocean_custom_logo_max_width":0,"ocean_custom_logo_tablet_max_width":0,"ocean_custom_logo_mobile_max_width":0,"ocean_custom_logo_max_height":0,"ocean_custom_logo_tablet_max_height":0,"ocean_custom_logo_mobile_max_height":0,"ocean_header_custom_menu":"","ocean_menu_typo_font_family":"","ocean_menu_typo_font_subset":"","ocean_menu_typo_font_size":0,"ocean_menu_typo_font_size_tablet":0,"ocean_menu_typo_font_size_mobile":0,"ocean_menu_typo_font_size_unit":"px","ocean_menu_typo_font_weight":"","ocean_menu_typo_font_weight_tablet":"","ocean_menu_typo_font_weight_mobile":"","ocean_menu_typo_transform":"","ocean_menu_typo_transform_tablet":"","ocean_menu_typo_transform_mobile":"","ocean_menu_typo_line_height":0,"ocean_menu_typo_line_height_tablet":0,"ocean_menu_typo_line_height_mobile":0,"ocean_menu_typo_line_height_unit":"","ocean_menu_typo_spacing":0,"ocean_menu_typo_spacing_tablet":0,"ocean_menu_typo_spacing_mobile":0,"ocean_menu_typo_spacing_unit":"","ocean_menu_link_color":"","ocean_menu_link_color_hover":"","ocean_menu_link_color_active":"","ocean_menu_link_background":"","ocean_menu_link_hover_background":"","ocean_menu_link_active_background":"","ocean_menu_social_links_bg":"","ocean_menu_social_hover_links_bg":"","ocean_menu_social_links_color":"","ocean_menu_social_hover_links_color":"","ocean_disable_title":"default","ocean_disable_heading":"default","ocean_post_title":"","ocean_post_subheading":"","ocean_post_title_style":"","ocean_post_title_background_color":"","ocean_post_title_background":0,"ocean_post_title_bg_image_position":"","ocean_post_title_bg_image_attachment":"","ocean_post_title_bg_image_repeat":"","ocean_post_title_bg_image_size":"","ocean_post_title_height":0,"ocean_post_title_bg_overlay":0.5,"ocean_post_title_bg_overlay_color":"","ocean_disable_breadcrumbs":"default","ocean_breadcrumbs_color":"","ocean_breadcrumbs_separator_color":"","ocean_breadcrumbs_links_color":"","ocean_breadcrumbs_links_hover_color":"","ocean_display_footer_widgets":"default","ocean_display_footer_bottom":"default","ocean_custom_footer_template":"","footnotes":""},"class_list":["post-1782","page","type-page","status-publish","hentry","entry"],"_links":{"self":[{"href":"https:\/\/www.lasapiniere.net\/index.php?rest_route=\/wp\/v2\/pages\/1782","targetHints":{"allow":["GET"]}}],"collection":[{"href":"https:\/\/www.lasapiniere.net\/index.php?rest_route=\/wp\/v2\/pages"}],"about":[{"href":"https:\/\/www.lasapiniere.net\/index.php?rest_route=\/wp\/v2\/types\/page"}],"author":[{"embeddable":true,"href":"https:\/\/www.lasapiniere.net\/index.php?rest_route=\/wp\/v2\/users\/2"}],"replies":[{"embeddable":true,"href":"https:\/\/www.lasapiniere.net\/index.php?rest_route=%2Fwp%2Fv2%2Fcomments&post=1782"}],"version-history":[{"count":8,"href":"https:\/\/www.lasapiniere.net\/index.php?rest_route=\/wp\/v2\/pages\/1782\/revisions"}],"predecessor-version":[{"id":2634,"href":"https:\/\/www.lasapiniere.net\/index.php?rest_route=\/wp\/v2\/pages\/1782\/revisions\/2634"}],"up":[{"embeddable":true,"href":"https:\/\/www.lasapiniere.net\/index.php?rest_route=\/wp\/v2\/pages\/1185"}],"wp:attachment":[{"href":"https:\/\/www.lasapiniere.net\/index.php?rest_route=%2Fwp%2Fv2%2Fmedia&parent=1782"}],"curies":[{"name":"wp","href":"https:\/\/api.w.org\/{rel}","templated":true}]}}