{"id":1776,"date":"2023-12-05T09:46:29","date_gmt":"2023-12-05T09:46:29","guid":{"rendered":"https:\/\/34.141.245.37\/?page_id=1776"},"modified":"2025-10-29T13:52:51","modified_gmt":"2025-10-29T12:52:51","slug":"prise-en-charge-4","status":"publish","type":"page","link":"https:\/\/www.lasapiniere.net\/?page_id=1776","title":{"rendered":"Prise en charge"},"content":{"rendered":"\t\t<div data-elementor-type=\"wp-page\" data-elementor-id=\"1776\" class=\"elementor elementor-1776\">\n\t\t\t\t<div class=\"elementor-element elementor-element-11e0bfc e-flex e-con-boxed e-con e-parent\" data-id=\"11e0bfc\" data-element_type=\"container\" data-e-type=\"container\">\n\t\t\t\t\t<div class=\"e-con-inner\">\n\t\t<div class=\"elementor-element elementor-element-281a49f e-con-full e-flex e-con e-child\" data-id=\"281a49f\" data-element_type=\"container\" data-e-type=\"container\">\n\t\t\t\t<div class=\"elementor-element elementor-element-19e824b elementor-widget elementor-widget-text-editor\" data-id=\"19e824b\" data-element_type=\"widget\" data-e-type=\"widget\" data-widget_type=\"text-editor.default\">\n\t\t\t\t<div class=\"elementor-widget-container\">\n\t\t\t\t\t\t\t\t\t\n<p>La prise en charge \u00e9ducative s\u2019articule en fonction des besoins de nos r\u00e9sidents.<\/p>\n\n\n\n<p>Un projet personnalis\u00e9 d\u2019accompagnement (PPA) est mis en place par les \u00e9ducateurs r\u00e9f\u00e9rents pour chacun de nos b\u00e9n\u00e9ficiaires. Ce PPA vise \u00e0 atteindre des objectifs personnalis\u00e9s pour ces derniers. Il est r\u00e9\u00e9valu\u00e9 trimestriellement et inclut l\u2019\u00e9ducateur r\u00e9f\u00e9rent, le psychologue, la direction et le b\u00e9n\u00e9ficiaire. Des outils p\u00e9dagogiques sont mis en place pour aider la personne \u00e0 atteindre ses objectifs personnels.<\/p>\n\n\n\n<p>La prise en charge est pr\u00e9vue pour accompagner nos b\u00e9n\u00e9ficiaires 365j\/an, 24h\/24.<\/p>\n\n\n\n<ul class=\"wp-block-list\">\n<li>Les activit\u00e9s \u00e9ducatives, visent \u00e0 acqu\u00e9rir de nouvelles comp\u00e9tences cognitives, am\u00e9liorer l\u2019autonomie au quotidien et maintenir les acquis, notamment au niveau de l\u2019hygi\u00e8ne et de la motricit\u00e9 fine.<\/li>\n\n\n\n<li>Les activit\u00e9s artistiques, ont pour but essentiel d\u2019am\u00e9liorer la cr\u00e9ativit\u00e9 par le biais d\u2019activit\u00e9s musicales, th\u00e9\u00e2trales, etc. adapt\u00e9es aux comp\u00e9tences de la personne.<\/li>\n\n\n\n<li>Les activit\u00e9s \u00ab sportives \u00bb, ont pour objectifs le bien-\u00eatre et la sant\u00e9 du r\u00e9sident (piscine adapt\u00e9e, psychomotricit\u00e9).<\/li>\n\n\n\n<li>Les activit\u00e9s r\u00e9cr\u00e9atives (cin\u00e9ma, promenades, bowling, etc.), visent l\u2019int\u00e9gration sociale et la d\u00e9tente.<\/li>\n<\/ul>\n\n\n\n<p>Voici quelques exemples d\u2019activit\u00e9s&nbsp;:<\/p>\n\n\n\n<ul class=\"wp-block-list\">\n<li>Visites culturelles :&nbsp;deux fois par mois, des sorties culturelles sont organis\u00e9es&nbsp;: visites de mus\u00e9es, de sites arch\u00e9ologiques, d\u2019expositions, monuments historiques, etc.<\/li>\n\n\n\n<li>Vie Affective et Sexuelle :&nbsp;la sensibilisation, l\u2019information et l\u2019accompagnement des usagers \u00e0 la vie affective et sexuelle est indispensable. Cet atelier est organis\u00e9 chaque semaine.<\/li>\n\n\n\n<li>Musique et chant :&nbsp;cet atelier est organis\u00e9 toutes les semaines et permet aux r\u00e9sidents de s\u2019exprimer \u00e0 travers la musique et le chant. Ils sont sensibilis\u00e9s \u00e0 divers instruments de musique.<\/li>\n\n\n\n<li>Art th\u00e9rapie :&nbsp;l\u2019activit\u00e9 porte essentiellement sur l\u2019expression corporelle et orale.<\/li>\n<\/ul>\n\t\t\t\t\t\t\t\t<\/div>\n\t\t\t\t<\/div>\n\t\t\t\t<\/div>\n\t\t<div class=\"elementor-element elementor-element-f1bf779 e-con-full e-flex e-con e-child\" data-id=\"f1bf779\" data-element_type=\"container\" data-e-type=\"container\">\n\t\t\t\t<div class=\"elementor-element elementor-element-ae01eef elementor-widget elementor-widget-image\" data-id=\"ae01eef\" data-element_type=\"widget\" data-e-type=\"widget\" data-widget_type=\"image.default\">\n\t\t\t\t<div class=\"elementor-widget-container\">\n\t\t\t\t\t\t\t\t\t\t\t\t\t\t\t<img fetchpriority=\"high\" decoding=\"async\" width=\"1024\" height=\"498\" src=\"https:\/\/www.lasapiniere.net\/wp-content\/uploads\/2025\/10\/FacadeMasnuy-1024x498.jpg\" class=\"attachment-large size-large wp-image-2641\" alt=\"\" srcset=\"https:\/\/www.lasapiniere.net\/wp-content\/uploads\/2025\/10\/FacadeMasnuy-1024x498.jpg 1024w, https:\/\/www.lasapiniere.net\/wp-content\/uploads\/2025\/10\/FacadeMasnuy-300x146.jpg 300w, https:\/\/www.lasapiniere.net\/wp-content\/uploads\/2025\/10\/FacadeMasnuy-768x373.jpg 768w, https:\/\/www.lasapiniere.net\/wp-content\/uploads\/2025\/10\/FacadeMasnuy-1536x746.jpg 1536w, https:\/\/www.lasapiniere.net\/wp-content\/uploads\/2025\/10\/FacadeMasnuy.jpg 2048w\" sizes=\"(max-width: 1024px) 100vw, 1024px\" \/>\t\t\t\t\t\t\t\t\t\t\t\t\t\t\t<\/div>\n\t\t\t\t<\/div>\n\t\t\t\t<\/div>\n\t\t\t\t\t<\/div>\n\t\t\t\t<\/div>\n\t\t\t\t<\/div>\n\t\t","protected":false},"excerpt":{"rendered":"<p>La prise en charge \u00e9ducative s\u2019articule en fonction des besoins de nos r\u00e9sidents. Un projet personnalis\u00e9 d\u2019accompagnement (PPA) est mis en place par les \u00e9ducateurs r\u00e9f\u00e9rents pour chacun de nos b\u00e9n\u00e9ficiaires. Ce PPA vise \u00e0 atteindre des objectifs personnalis\u00e9s pour ces derniers. Il est r\u00e9\u00e9valu\u00e9 trimestriellement et inclut l\u2019\u00e9ducateur r\u00e9f\u00e9rent, le psychologue, la direction et [&hellip;]<\/p>\n","protected":false},"author":2,"featured_media":0,"parent":510,"menu_order":0,"comment_status":"closed","ping_status":"closed","template":"","meta":{"ocean_post_layout":"","ocean_both_sidebars_style":"","ocean_both_sidebars_content_width":0,"ocean_both_sidebars_sidebars_width":0,"ocean_sidebar":"","ocean_second_sidebar":"","ocean_disable_margins":"enable","ocean_add_body_class":"","ocean_shortcode_before_top_bar":"","ocean_shortcode_after_top_bar":"","ocean_shortcode_before_header":"","ocean_shortcode_after_header":"","ocean_has_shortcode":"","ocean_shortcode_after_title":"","ocean_shortcode_before_footer_widgets":"","ocean_shortcode_after_footer_widgets":"","ocean_shortcode_before_footer_bottom":"","ocean_shortcode_after_footer_bottom":"","ocean_display_top_bar":"default","ocean_display_header":"default","ocean_header_style":"","ocean_center_header_left_menu":"","ocean_custom_header_template":"","ocean_custom_logo":0,"ocean_custom_retina_logo":0,"ocean_custom_logo_max_width":0,"ocean_custom_logo_tablet_max_width":0,"ocean_custom_logo_mobile_max_width":0,"ocean_custom_logo_max_height":0,"ocean_custom_logo_tablet_max_height":0,"ocean_custom_logo_mobile_max_height":0,"ocean_header_custom_menu":"","ocean_menu_typo_font_family":"","ocean_menu_typo_font_subset":"","ocean_menu_typo_font_size":0,"ocean_menu_typo_font_size_tablet":0,"ocean_menu_typo_font_size_mobile":0,"ocean_menu_typo_font_size_unit":"px","ocean_menu_typo_font_weight":"","ocean_menu_typo_font_weight_tablet":"","ocean_menu_typo_font_weight_mobile":"","ocean_menu_typo_transform":"","ocean_menu_typo_transform_tablet":"","ocean_menu_typo_transform_mobile":"","ocean_menu_typo_line_height":0,"ocean_menu_typo_line_height_tablet":0,"ocean_menu_typo_line_height_mobile":0,"ocean_menu_typo_line_height_unit":"","ocean_menu_typo_spacing":0,"ocean_menu_typo_spacing_tablet":0,"ocean_menu_typo_spacing_mobile":0,"ocean_menu_typo_spacing_unit":"","ocean_menu_link_color":"","ocean_menu_link_color_hover":"","ocean_menu_link_color_active":"","ocean_menu_link_background":"","ocean_menu_link_hover_background":"","ocean_menu_link_active_background":"","ocean_menu_social_links_bg":"","ocean_menu_social_hover_links_bg":"","ocean_menu_social_links_color":"","ocean_menu_social_hover_links_color":"","ocean_disable_title":"default","ocean_disable_heading":"default","ocean_post_title":"","ocean_post_subheading":"","ocean_post_title_style":"","ocean_post_title_background_color":"","ocean_post_title_background":0,"ocean_post_title_bg_image_position":"","ocean_post_title_bg_image_attachment":"","ocean_post_title_bg_image_repeat":"","ocean_post_title_bg_image_size":"","ocean_post_title_height":0,"ocean_post_title_bg_overlay":0.5,"ocean_post_title_bg_overlay_color":"","ocean_disable_breadcrumbs":"default","ocean_breadcrumbs_color":"","ocean_breadcrumbs_separator_color":"","ocean_breadcrumbs_links_color":"","ocean_breadcrumbs_links_hover_color":"","ocean_display_footer_widgets":"default","ocean_display_footer_bottom":"default","ocean_custom_footer_template":"","footnotes":""},"class_list":["post-1776","page","type-page","status-publish","hentry","entry"],"_links":{"self":[{"href":"https:\/\/www.lasapiniere.net\/index.php?rest_route=\/wp\/v2\/pages\/1776","targetHints":{"allow":["GET"]}}],"collection":[{"href":"https:\/\/www.lasapiniere.net\/index.php?rest_route=\/wp\/v2\/pages"}],"about":[{"href":"https:\/\/www.lasapiniere.net\/index.php?rest_route=\/wp\/v2\/types\/page"}],"author":[{"embeddable":true,"href":"https:\/\/www.lasapiniere.net\/index.php?rest_route=\/wp\/v2\/users\/2"}],"replies":[{"embeddable":true,"href":"https:\/\/www.lasapiniere.net\/index.php?rest_route=%2Fwp%2Fv2%2Fcomments&post=1776"}],"version-history":[{"count":8,"href":"https:\/\/www.lasapiniere.net\/index.php?rest_route=\/wp\/v2\/pages\/1776\/revisions"}],"predecessor-version":[{"id":2650,"href":"https:\/\/www.lasapiniere.net\/index.php?rest_route=\/wp\/v2\/pages\/1776\/revisions\/2650"}],"up":[{"embeddable":true,"href":"https:\/\/www.lasapiniere.net\/index.php?rest_route=\/wp\/v2\/pages\/510"}],"wp:attachment":[{"href":"https:\/\/www.lasapiniere.net\/index.php?rest_route=%2Fwp%2Fv2%2Fmedia&parent=1776"}],"curies":[{"name":"wp","href":"https:\/\/api.w.org\/{rel}","templated":true}]}}