{"id":1773,"date":"2023-12-05T09:46:16","date_gmt":"2023-12-05T09:46:16","guid":{"rendered":"https:\/\/34.141.245.37\/?page_id=1773"},"modified":"2024-02-07T15:55:35","modified_gmt":"2024-02-07T15:55:35","slug":"prise-en-charge-3","status":"publish","type":"page","link":"https:\/\/www.lasapiniere.net\/?page_id=1773","title":{"rendered":"Prise en charge"},"content":{"rendered":"\t\t<div data-elementor-type=\"wp-page\" data-elementor-id=\"1773\" class=\"elementor elementor-1773\">\n\t\t\t\t<div class=\"elementor-element elementor-element-8f0bda5 e-flex e-con-boxed e-con e-parent\" data-id=\"8f0bda5\" data-element_type=\"container\" data-e-type=\"container\">\n\t\t\t\t\t<div class=\"e-con-inner\">\n\t\t<div class=\"elementor-element elementor-element-a1519a3 e-con-full e-flex e-con e-child\" data-id=\"a1519a3\" data-element_type=\"container\" data-e-type=\"container\">\n\t\t\t\t<div class=\"elementor-element elementor-element-1765287 elementor-widget elementor-widget-text-editor\" data-id=\"1765287\" data-element_type=\"widget\" data-e-type=\"widget\" data-widget_type=\"text-editor.default\">\n\t\t\t\t<div class=\"elementor-widget-container\">\n\t\t\t\t\t\t\t\t\t<p>Les activit\u00e9s propos\u00e9es rythment les journ\u00e9es et permettent aux b\u00e9n\u00e9ficiaires le maintien des acquis et \u00e9viter le repli sur soi. Nous partons des savoir-faire des personnes pour proposer un large panel d\u2019activit\u00e9s.<\/p><p>Chaque b\u00e9n\u00e9ficiaire participe quotidiennement \u00e0 une activit\u00e9 int\u00e9rieure et une activit\u00e9 ext\u00e9rieure. Si cette planification ne peut \u00eatre respect\u00e9e, l\u2019\u00e9ducateur s\u2019assure tout au moins de la mise en place de sept activit\u00e9s int\u00e9rieures et sept activit\u00e9s ext\u00e9rieures sur la semaine. Ces activit\u00e9s sont adapt\u00e9es aux capacit\u00e9s des usagers, \u00e0 leur \u00e2ge r\u00e9el et \u00e0 leurs envies.<\/p><p>Les b\u00e9n\u00e9ficiaires int\u00e8grent un groupe pr\u00e9\u00e9tabli en concertation avec eux.<\/p><p>Le service veille \u00e0 ce que des objectifs soient fix\u00e9s pour chaque activit\u00e9, ceci dans le but de v\u00e9rifier que celles-ci aient du sens et soient bien adapt\u00e9es \u00e0 chaque b\u00e9n\u00e9ficiaire qui s\u2019y est inscrit.<\/p><p>Les activit\u00e9s sont propos\u00e9es gr\u00e2ce aux comp\u00e9tences de l\u2019\u00e9quipe ou en collaboration avec des partenaires ext\u00e9rieurs.<\/p><p>Les activit\u00e9s encouragent l\u2019expression, la cr\u00e9ativit\u00e9, elles visent \u00e0 l\u2019\u00e9panouissement des personnes, leur socialisation et leur autonomie.<\/p><p>La pratique d\u2019activit\u00e9s sportives permet au b\u00e9n\u00e9ficiaire d\u2019am\u00e9liorer la repr\u00e9sentation qu\u2019il a de lui-m\u00eame et de se sentir valoris\u00e9.<\/p><p>Les activit\u00e9s sont planifi\u00e9es sur deux semaines, reprenant les deux plages horaires, celle du matin et celle de l\u2019apr\u00e8s-midi.<\/p>\t\t\t\t\t\t\t\t<\/div>\n\t\t\t\t<\/div>\n\t\t\t\t<\/div>\n\t\t<div class=\"elementor-element elementor-element-b901992 e-con-full e-flex e-con e-child\" data-id=\"b901992\" data-element_type=\"container\" data-e-type=\"container\">\n\t\t\t\t<div class=\"elementor-element elementor-element-3319f4e elementor-widget elementor-widget-image\" data-id=\"3319f4e\" data-element_type=\"widget\" data-e-type=\"widget\" data-widget_type=\"image.default\">\n\t\t\t\t<div class=\"elementor-widget-container\">\n\t\t\t\t\t\t\t\t\t\t\t\t\t\t\t<img fetchpriority=\"high\" decoding=\"async\" width=\"1024\" height=\"683\" src=\"https:\/\/www.lasapiniere.net\/wp-content\/uploads\/2023\/12\/La-Sapiniere-Braine-web-1-1024x683.jpg\" class=\"attachment-large size-large wp-image-2080\" alt=\"\" srcset=\"https:\/\/www.lasapiniere.net\/wp-content\/uploads\/2023\/12\/La-Sapiniere-Braine-web-1-1024x683.jpg 1024w, https:\/\/www.lasapiniere.net\/wp-content\/uploads\/2023\/12\/La-Sapiniere-Braine-web-1-300x200.jpg 300w, https:\/\/www.lasapiniere.net\/wp-content\/uploads\/2023\/12\/La-Sapiniere-Braine-web-1-768x512.jpg 768w, https:\/\/www.lasapiniere.net\/wp-content\/uploads\/2023\/12\/La-Sapiniere-Braine-web-1.jpg 1200w\" sizes=\"(max-width: 1024px) 100vw, 1024px\" \/>\t\t\t\t\t\t\t\t\t\t\t\t\t\t\t<\/div>\n\t\t\t\t<\/div>\n\t\t\t\t<\/div>\n\t\t\t\t\t<\/div>\n\t\t\t\t<\/div>\n\t\t\t\t<\/div>\n\t\t","protected":false},"excerpt":{"rendered":"<p>Les activit\u00e9s propos\u00e9es rythment les journ\u00e9es et permettent aux b\u00e9n\u00e9ficiaires le maintien des acquis et \u00e9viter le repli sur soi. Nous partons des savoir-faire des personnes pour proposer un large panel d\u2019activit\u00e9s. Chaque b\u00e9n\u00e9ficiaire participe quotidiennement \u00e0 une activit\u00e9 int\u00e9rieure et une activit\u00e9 ext\u00e9rieure. Si cette planification ne peut \u00eatre respect\u00e9e, l\u2019\u00e9ducateur s\u2019assure tout au [&hellip;]<\/p>\n","protected":false},"author":2,"featured_media":0,"parent":661,"menu_order":0,"comment_status":"closed","ping_status":"closed","template":"","meta":{"ocean_post_layout":"","ocean_both_sidebars_style":"","ocean_both_sidebars_content_width":0,"ocean_both_sidebars_sidebars_width":0,"ocean_sidebar":"","ocean_second_sidebar":"","ocean_disable_margins":"enable","ocean_add_body_class":"","ocean_shortcode_before_top_bar":"","ocean_shortcode_after_top_bar":"","ocean_shortcode_before_header":"","ocean_shortcode_after_header":"","ocean_has_shortcode":"","ocean_shortcode_after_title":"","ocean_shortcode_before_footer_widgets":"","ocean_shortcode_after_footer_widgets":"","ocean_shortcode_before_footer_bottom":"","ocean_shortcode_after_footer_bottom":"","ocean_display_top_bar":"default","ocean_display_header":"default","ocean_header_style":"","ocean_center_header_left_menu":"","ocean_custom_header_template":"","ocean_custom_logo":0,"ocean_custom_retina_logo":0,"ocean_custom_logo_max_width":0,"ocean_custom_logo_tablet_max_width":0,"ocean_custom_logo_mobile_max_width":0,"ocean_custom_logo_max_height":0,"ocean_custom_logo_tablet_max_height":0,"ocean_custom_logo_mobile_max_height":0,"ocean_header_custom_menu":"","ocean_menu_typo_font_family":"","ocean_menu_typo_font_subset":"","ocean_menu_typo_font_size":0,"ocean_menu_typo_font_size_tablet":0,"ocean_menu_typo_font_size_mobile":0,"ocean_menu_typo_font_size_unit":"px","ocean_menu_typo_font_weight":"","ocean_menu_typo_font_weight_tablet":"","ocean_menu_typo_font_weight_mobile":"","ocean_menu_typo_transform":"","ocean_menu_typo_transform_tablet":"","ocean_menu_typo_transform_mobile":"","ocean_menu_typo_line_height":0,"ocean_menu_typo_line_height_tablet":0,"ocean_menu_typo_line_height_mobile":0,"ocean_menu_typo_line_height_unit":"","ocean_menu_typo_spacing":0,"ocean_menu_typo_spacing_tablet":0,"ocean_menu_typo_spacing_mobile":0,"ocean_menu_typo_spacing_unit":"","ocean_menu_link_color":"","ocean_menu_link_color_hover":"","ocean_menu_link_color_active":"","ocean_menu_link_background":"","ocean_menu_link_hover_background":"","ocean_menu_link_active_background":"","ocean_menu_social_links_bg":"","ocean_menu_social_hover_links_bg":"","ocean_menu_social_links_color":"","ocean_menu_social_hover_links_color":"","ocean_disable_title":"default","ocean_disable_heading":"default","ocean_post_title":"","ocean_post_subheading":"","ocean_post_title_style":"","ocean_post_title_background_color":"","ocean_post_title_background":0,"ocean_post_title_bg_image_position":"","ocean_post_title_bg_image_attachment":"","ocean_post_title_bg_image_repeat":"","ocean_post_title_bg_image_size":"","ocean_post_title_height":0,"ocean_post_title_bg_overlay":0.5,"ocean_post_title_bg_overlay_color":"","ocean_disable_breadcrumbs":"default","ocean_breadcrumbs_color":"","ocean_breadcrumbs_separator_color":"","ocean_breadcrumbs_links_color":"","ocean_breadcrumbs_links_hover_color":"","ocean_display_footer_widgets":"default","ocean_display_footer_bottom":"default","ocean_custom_footer_template":"","footnotes":""},"class_list":["post-1773","page","type-page","status-publish","hentry","entry"],"_links":{"self":[{"href":"https:\/\/www.lasapiniere.net\/index.php?rest_route=\/wp\/v2\/pages\/1773","targetHints":{"allow":["GET"]}}],"collection":[{"href":"https:\/\/www.lasapiniere.net\/index.php?rest_route=\/wp\/v2\/pages"}],"about":[{"href":"https:\/\/www.lasapiniere.net\/index.php?rest_route=\/wp\/v2\/types\/page"}],"author":[{"embeddable":true,"href":"https:\/\/www.lasapiniere.net\/index.php?rest_route=\/wp\/v2\/users\/2"}],"replies":[{"embeddable":true,"href":"https:\/\/www.lasapiniere.net\/index.php?rest_route=%2Fwp%2Fv2%2Fcomments&post=1773"}],"version-history":[{"count":10,"href":"https:\/\/www.lasapiniere.net\/index.php?rest_route=\/wp\/v2\/pages\/1773\/revisions"}],"predecessor-version":[{"id":2402,"href":"https:\/\/www.lasapiniere.net\/index.php?rest_route=\/wp\/v2\/pages\/1773\/revisions\/2402"}],"up":[{"embeddable":true,"href":"https:\/\/www.lasapiniere.net\/index.php?rest_route=\/wp\/v2\/pages\/661"}],"wp:attachment":[{"href":"https:\/\/www.lasapiniere.net\/index.php?rest_route=%2Fwp%2Fv2%2Fmedia&parent=1773"}],"curies":[{"name":"wp","href":"https:\/\/api.w.org\/{rel}","templated":true}]}}