{"id":1727,"date":"2023-12-04T15:11:20","date_gmt":"2023-12-04T15:11:20","guid":{"rendered":"https:\/\/34.141.245.37\/?page_id=1727"},"modified":"2025-10-29T14:23:20","modified_gmt":"2025-10-29T13:23:20","slug":"philosophie-5","status":"publish","type":"page","link":"https:\/\/www.lasapiniere.net\/?page_id=1727","title":{"rendered":"Philosophie"},"content":{"rendered":"\t\t<div data-elementor-type=\"wp-page\" data-elementor-id=\"1727\" class=\"elementor elementor-1727\">\n\t\t\t\t<div class=\"elementor-element elementor-element-59b998f e-flex e-con-boxed e-con e-parent\" data-id=\"59b998f\" data-element_type=\"container\" data-e-type=\"container\">\n\t\t\t\t\t<div class=\"e-con-inner\">\n\t\t<div class=\"elementor-element elementor-element-cea8cb4 e-con-full e-flex e-con e-child\" data-id=\"cea8cb4\" data-element_type=\"container\" data-e-type=\"container\">\n\t\t\t\t<div class=\"elementor-element elementor-element-180c7735 elementor-widget elementor-widget-text-editor\" data-id=\"180c7735\" data-element_type=\"widget\" data-e-type=\"widget\" data-widget_type=\"text-editor.default\">\n\t\t\t\t<div class=\"elementor-widget-container\">\n\t\t\t\t\t\t\t\t\t\n<p>Notre \u00e9tablissement repose sur une philosophie d&rsquo;accompagnement qui embrasse des valeurs fondamentales. Cette philosophie est incarn\u00e9e par notre engagement \u00e0 cr\u00e9er un environnement de vie adapt\u00e9, favorisant le bien-\u00eatre, le respect des droits, l&rsquo;inclusion sociale, la reliance, l&rsquo;individualisation de l&rsquo;accompagnement, et le mod\u00e8le participatif.<\/p>\n\n\n\n<p>Au centre de notre philosophie se trouve la cr\u00e9ation de milieux de vie adapt\u00e9s. Nous sommes d\u00e9termin\u00e9s \u00e0 fa\u00e7onner des espaces o\u00f9 nos r\u00e9sidents se sentent chez eux, o\u00f9 chaque d\u00e9tail est adapt\u00e9 pour r\u00e9pondre aux besoins sp\u00e9cifiques, favorisant ainsi un sentiment chaleureux et familial. Cet environnement cr\u00e9e un foyer personnalis\u00e9 pour chaque r\u00e9sident, o\u00f9 ils peuvent profiter d&rsquo;une qualit\u00e9 de vie optimale.<\/p>\n\n\n\n<p>La sant\u00e9 et le bien-\u00eatre de nos r\u00e9sidents sont des pr\u00e9occupations majeures. Nous avons mis en place un syst\u00e8me de suivi m\u00e9dical et param\u00e9dical, assurant une prise en charge coordonn\u00e9e et personnalis\u00e9e. Les professionnels de sant\u00e9 collaborent \u00e9troitement pour garantir des soins optimaux, adapt\u00e9s \u00e0 chaque r\u00e9sident. L&rsquo;objectif est d&rsquo;am\u00e9liorer la qualit\u00e9 de vie de nos r\u00e9sidents en leur offrant un accompagnement en phase avec leur \u00e9tat de sant\u00e9.<\/p>\n\n\n\n<p>Nous nous engageons \u00e0 respecter la dignit\u00e9 et les droits des r\u00e9sidents. Cela inclut le respect de leur aspiration \u00e0 une vie autonome et leur participation active \u00e0 la soci\u00e9t\u00e9. Chacun a droit \u00e0 la libert\u00e9, \u00e0 la s\u00e9curit\u00e9, \u00e0 l&rsquo;\u00e9galit\u00e9 et \u00e0 la non-discrimination. Nous garantissons \u00e9galement l&rsquo;accessibilit\u00e9 des espaces de vie, permettant \u00e0 tous de jouir de leur libert\u00e9 de mouvement et d&rsquo;expression. Tous ces droits sont au c\u0153ur de notre accompagnement personnalis\u00e9 visant \u00e0 am\u00e9liorer la qualit\u00e9 de vie et \u00e0 encourager l&rsquo;\u00e9panouissement.<\/p>\n\n\n\n<p>L&rsquo;inclusion sociale est une pierre angulaire de notre philosophie. Nous \u0153uvrons pour garantir que nos r\u00e9sidents puissent participer pleinement \u00e0 la vie de la soci\u00e9t\u00e9, b\u00e9n\u00e9ficiant des m\u00eames droits et opportunit\u00e9s, tout en recevant un soutien personnalis\u00e9 en fonction de leurs besoins sp\u00e9cifiques. Cette d\u00e9marche est cruciale pour pr\u00e9server la dignit\u00e9 et le bien-\u00eatre de nos r\u00e9sidents, en les int\u00e9grant pleinement dans la soci\u00e9t\u00e9 et en valorisant leurs comp\u00e9tences et talents.<\/p>\n\n\n\n<p>La reliance occupe une place cruciale dans notre prise en charge. Notre objectif est de permettre \u00e0 nos r\u00e9sidents de cr\u00e9er ou de recr\u00e9er des liens, notamment avec la soci\u00e9t\u00e9. Cela renforce leur sentiment d&rsquo;appartenance \u00e0 une communaut\u00e9, lutte contre l&rsquo;isolement, et favorise leur \u00e9panouissement personnel. La reliance contribue \u00e0 la construction d&rsquo;une identit\u00e9 positive, en mettant en avant les comp\u00e9tences et les qualit\u00e9s de nos r\u00e9sidents. Des actions sont mises en place pour favoriser les \u00e9changes entre r\u00e9sidents, les activit\u00e9s collectives, les projets communs, ainsi que des partenariats avec des acteurs locaux.<\/p>\n\n\n\n<p>Nous sommes convaincus que chaque r\u00e9sident est unique. Notre approche globale et personnalis\u00e9e prend en compte cette singularit\u00e9. Nous favorisons l&rsquo;expression des libert\u00e9s individuelles et collectives, tout en offrant un accompagnement adapt\u00e9 aux besoins sp\u00e9cifiques. Notre objectif est de garantir une prise en charge respectueuse de la singularit\u00e9 de chaque r\u00e9sident. Cela englobe l&rsquo;ensemble des dimensions de leur vie, de leur sant\u00e9 \u00e0 leurs relations sociales, de leurs loisirs \u00e0 leur environnement mat\u00e9riel. Les r\u00e9sidents sont encourag\u00e9s \u00e0 participer activement \u00e0 leur prise en charge et \u00e0 s&rsquo;exprimer dans les d\u00e9cisions qui les concernent.<\/p>\n\n\n\n<p>La participation active des r\u00e9sidents \u00e0 leur propre prise en charge est essentielle. Des espaces de dialogue et de participation sont mis en place. Les r\u00e9unions r\u00e9guli\u00e8res permettent aux r\u00e9sidents de s&rsquo;exprimer librement, de partager leurs exp\u00e9riences et id\u00e9es, et de contribuer \u00e0 la vie de l&rsquo;\u00e9tablissement. Nous croyons que cette participation renforce le sentiment d&rsquo;appartenance, l&rsquo;estime de soi et l&rsquo;autonomie. Impliquer les r\u00e9sidents dans la gestion de leur vie renforce leur confiance en eux, cr\u00e9ant une communaut\u00e9 bienveillante et \u00e9thique.<\/p>\n\n\n\n<p>En plus de nos valeurs d&rsquo;accompagnement, nous adoptons une strat\u00e9gie ax\u00e9e sur la bientraitance. Nous nous engageons \u00e0 offrir un service sur mesure et de qualit\u00e9, en prenant en compte les besoins, les attentes et les pr\u00e9f\u00e9rences des r\u00e9sidents. Nous d\u00e9veloppons des chartes et des groupes de r\u00e9flexion pour garantir que notre approche respecte les valeurs essentielles de l&rsquo;accompagnement.<\/p>\n\n\n\n<p>Nous croyons que la bientraitance des r\u00e9sidents est intrins\u00e8quement li\u00e9e au bien-\u00eatre de notre personnel. Offrir un environnement de travail favorable et des conditions \u00e9quitables et saines est essentiel pour que nos employ\u00e9s offrent un service de qualit\u00e9 aux r\u00e9sidents, \u00e9tablissant une relation positive et de confiance.<\/p>\n\n\n\n<p>Nous \u00e9valuons r\u00e9guli\u00e8rement les performances de nos services, pour assurer une qualit\u00e9 optimale. Les commentaires des collaborateurs et des r\u00e9sidents sont essentiels pour l&rsquo;am\u00e9lioration continue. Nous offrons \u00e0 notre personnel un plan de formation personnalis\u00e9 pour acqu\u00e9rir de nouvelles comp\u00e9tences et rester inform\u00e9s des \u00e9volutions de leur domaine. Cela garantit que notre \u00e9quipe est comp\u00e9tente et motiv\u00e9e pour offrir un service de qualit\u00e9. En favorisant un environnement de travail agr\u00e9able, confortable et stimulant, nous visons \u00e0 renforcer la motivation et l&rsquo;engagement de nos collaborateurs, am\u00e9liorant ainsi leur qualit\u00e9 de vie au travail. Nous pensons que cela se traduira par une meilleure efficacit\u00e9 et une productivit\u00e9 accrue, contribuant au d\u00e9veloppement et \u00e0 la r\u00e9ussite de notre entreprise.<\/p>\n\t\t\t\t\t\t\t\t<\/div>\n\t\t\t\t<\/div>\n\t\t\t\t<\/div>\n\t\t<div class=\"elementor-element elementor-element-29c1b17 e-con-full e-flex e-con e-child\" data-id=\"29c1b17\" data-element_type=\"container\" data-e-type=\"container\">\n\t\t\t\t<div class=\"elementor-element elementor-element-c0fbd49 elementor-widget elementor-widget-image\" data-id=\"c0fbd49\" data-element_type=\"widget\" data-e-type=\"widget\" data-widget_type=\"image.default\">\n\t\t\t\t<div class=\"elementor-widget-container\">\n\t\t\t\t\t\t\t\t\t\t\t\t\t\t\t<img fetchpriority=\"high\" decoding=\"async\" width=\"1024\" height=\"768\" src=\"https:\/\/www.lasapiniere.net\/wp-content\/uploads\/2025\/10\/FacadeQuaregnonplaques-1024x768.jpg\" class=\"attachment-large size-large wp-image-2683\" alt=\"\" srcset=\"https:\/\/www.lasapiniere.net\/wp-content\/uploads\/2025\/10\/FacadeQuaregnonplaques-1024x768.jpg 1024w, https:\/\/www.lasapiniere.net\/wp-content\/uploads\/2025\/10\/FacadeQuaregnonplaques-300x225.jpg 300w, https:\/\/www.lasapiniere.net\/wp-content\/uploads\/2025\/10\/FacadeQuaregnonplaques-768x576.jpg 768w, https:\/\/www.lasapiniere.net\/wp-content\/uploads\/2025\/10\/FacadeQuaregnonplaques-1536x1152.jpg 1536w, https:\/\/www.lasapiniere.net\/wp-content\/uploads\/2025\/10\/FacadeQuaregnonplaques.jpg 2048w\" sizes=\"(max-width: 1024px) 100vw, 1024px\" \/>\t\t\t\t\t\t\t\t\t\t\t\t\t\t\t<\/div>\n\t\t\t\t<\/div>\n\t\t\t\t<\/div>\n\t\t\t\t\t<\/div>\n\t\t\t\t<\/div>\n\t\t\t\t<\/div>\n\t\t","protected":false},"excerpt":{"rendered":"<p>Notre \u00e9tablissement repose sur une philosophie d&rsquo;accompagnement qui embrasse des valeurs fondamentales. Cette philosophie est incarn\u00e9e par notre engagement \u00e0 cr\u00e9er un environnement de vie adapt\u00e9, favorisant le bien-\u00eatre, le respect des droits, l&rsquo;inclusion sociale, la reliance, l&rsquo;individualisation de l&rsquo;accompagnement, et le mod\u00e8le participatif. Au centre de notre philosophie se trouve la cr\u00e9ation de milieux [&hellip;]<\/p>\n","protected":false},"author":2,"featured_media":0,"parent":1182,"menu_order":0,"comment_status":"closed","ping_status":"closed","template":"","meta":{"ocean_post_layout":"","ocean_both_sidebars_style":"","ocean_both_sidebars_content_width":0,"ocean_both_sidebars_sidebars_width":0,"ocean_sidebar":"","ocean_second_sidebar":"","ocean_disable_margins":"enable","ocean_add_body_class":"","ocean_shortcode_before_top_bar":"","ocean_shortcode_after_top_bar":"","ocean_shortcode_before_header":"","ocean_shortcode_after_header":"","ocean_has_shortcode":"","ocean_shortcode_after_title":"","ocean_shortcode_before_footer_widgets":"","ocean_shortcode_after_footer_widgets":"","ocean_shortcode_before_footer_bottom":"","ocean_shortcode_after_footer_bottom":"","ocean_display_top_bar":"default","ocean_display_header":"default","ocean_header_style":"","ocean_center_header_left_menu":"","ocean_custom_header_template":"","ocean_custom_logo":0,"ocean_custom_retina_logo":0,"ocean_custom_logo_max_width":0,"ocean_custom_logo_tablet_max_width":0,"ocean_custom_logo_mobile_max_width":0,"ocean_custom_logo_max_height":0,"ocean_custom_logo_tablet_max_height":0,"ocean_custom_logo_mobile_max_height":0,"ocean_header_custom_menu":"","ocean_menu_typo_font_family":"","ocean_menu_typo_font_subset":"","ocean_menu_typo_font_size":0,"ocean_menu_typo_font_size_tablet":0,"ocean_menu_typo_font_size_mobile":0,"ocean_menu_typo_font_size_unit":"px","ocean_menu_typo_font_weight":"","ocean_menu_typo_font_weight_tablet":"","ocean_menu_typo_font_weight_mobile":"","ocean_menu_typo_transform":"","ocean_menu_typo_transform_tablet":"","ocean_menu_typo_transform_mobile":"","ocean_menu_typo_line_height":0,"ocean_menu_typo_line_height_tablet":0,"ocean_menu_typo_line_height_mobile":0,"ocean_menu_typo_line_height_unit":"","ocean_menu_typo_spacing":0,"ocean_menu_typo_spacing_tablet":0,"ocean_menu_typo_spacing_mobile":0,"ocean_menu_typo_spacing_unit":"","ocean_menu_link_color":"","ocean_menu_link_color_hover":"","ocean_menu_link_color_active":"","ocean_menu_link_background":"","ocean_menu_link_hover_background":"","ocean_menu_link_active_background":"","ocean_menu_social_links_bg":"","ocean_menu_social_hover_links_bg":"","ocean_menu_social_links_color":"","ocean_menu_social_hover_links_color":"","ocean_disable_title":"default","ocean_disable_heading":"default","ocean_post_title":"","ocean_post_subheading":"","ocean_post_title_style":"","ocean_post_title_background_color":"","ocean_post_title_background":0,"ocean_post_title_bg_image_position":"","ocean_post_title_bg_image_attachment":"","ocean_post_title_bg_image_repeat":"","ocean_post_title_bg_image_size":"","ocean_post_title_height":0,"ocean_post_title_bg_overlay":0.5,"ocean_post_title_bg_overlay_color":"","ocean_disable_breadcrumbs":"default","ocean_breadcrumbs_color":"","ocean_breadcrumbs_separator_color":"","ocean_breadcrumbs_links_color":"","ocean_breadcrumbs_links_hover_color":"","ocean_display_footer_widgets":"default","ocean_display_footer_bottom":"default","ocean_custom_footer_template":"","footnotes":""},"class_list":["post-1727","page","type-page","status-publish","hentry","entry"],"_links":{"self":[{"href":"https:\/\/www.lasapiniere.net\/index.php?rest_route=\/wp\/v2\/pages\/1727","targetHints":{"allow":["GET"]}}],"collection":[{"href":"https:\/\/www.lasapiniere.net\/index.php?rest_route=\/wp\/v2\/pages"}],"about":[{"href":"https:\/\/www.lasapiniere.net\/index.php?rest_route=\/wp\/v2\/types\/page"}],"author":[{"embeddable":true,"href":"https:\/\/www.lasapiniere.net\/index.php?rest_route=\/wp\/v2\/users\/2"}],"replies":[{"embeddable":true,"href":"https:\/\/www.lasapiniere.net\/index.php?rest_route=%2Fwp%2Fv2%2Fcomments&post=1727"}],"version-history":[{"count":11,"href":"https:\/\/www.lasapiniere.net\/index.php?rest_route=\/wp\/v2\/pages\/1727\/revisions"}],"predecessor-version":[{"id":2689,"href":"https:\/\/www.lasapiniere.net\/index.php?rest_route=\/wp\/v2\/pages\/1727\/revisions\/2689"}],"up":[{"embeddable":true,"href":"https:\/\/www.lasapiniere.net\/index.php?rest_route=\/wp\/v2\/pages\/1182"}],"wp:attachment":[{"href":"https:\/\/www.lasapiniere.net\/index.php?rest_route=%2Fwp%2Fv2%2Fmedia&parent=1727"}],"curies":[{"name":"wp","href":"https:\/\/api.w.org\/{rel}","templated":true}]}}